{"id":2361,"date":"2025-02-06T09:59:13","date_gmt":"2025-02-06T07:59:13","guid":{"rendered":"https:\/\/www.biosferaeduca.com\/naturabegur\/?page_id=2361"},"modified":"2026-03-30T09:38:26","modified_gmt":"2026-03-30T07:38:26","slug":"noticies","status":"publish","type":"page","link":"https:\/\/www.biosferaeduca.com\/naturabegur\/noticies\/","title":{"rendered":"NOT\u00cdCIES"},"content":{"rendered":"<p><div class=\"fusion-fullwidth fullwidth-box fusion-builder-row-1 fusion-flex-container has-pattern-background has-mask-background nonhundred-percent-fullwidth non-hundred-percent-height-scrolling\" style=\"--awb-border-radius-top-left:0px;--awb-border-radius-top-right:0px;--awb-border-radius-bottom-right:0px;--awb-border-radius-bottom-left:0px;--awb-flex-wrap:wrap;\" ><div class=\"fusion-builder-row fusion-row fusion-flex-align-items-flex-start fusion-flex-content-wrap\" style=\"max-width:1310.4px;margin-left: calc(-4% \/ 2 );margin-right: calc(-4% \/ 2 );\"><div class=\"fusion-layout-column fusion_builder_column fusion-builder-column-0 fusion_builder_column_1_1 1_1 fusion-flex-column\" style=\"--awb-bg-size:cover;--awb-width-large:100%;--awb-margin-top-large:20px;--awb-spacing-right-large:1.92%;--awb-margin-bottom-large:20px;--awb-spacing-left-large:1.92%;--awb-width-medium:100%;--awb-order-medium:0;--awb-spacing-right-medium:1.92%;--awb-spacing-left-medium:1.92%;--awb-width-small:100%;--awb-order-small:0;--awb-spacing-right-small:1.92%;--awb-spacing-left-small:1.92%;\"><div class=\"fusion-column-wrapper fusion-column-has-shadow fusion-flex-justify-content-flex-start fusion-content-layout-column\"><div class=\"fusion-text fusion-text-1\"><h3 style=\"text-align: center;\">BUTLLETINS TRIMESTRALS DE DIFUSI\u00d3 DEL PROJECTE NATURABEGUR<\/h3>\n<h4 style=\"text-align: center;\">Vols saber qu\u00e8 estem descobrint en el projecte NATURABEGUR?<\/h4>\n<p>Els<strong> Butlletins del Projecte NATURABEGUR<\/strong> recullen, trimestralment, les principals not\u00edcies, novetats i temes d\u2019inter\u00e8s que afecten a l\u2019EIN Muntanyes de Begur. Podr\u00e0s seguir l\u2019evoluci\u00f3 del projecte i descobrir les novetats i els aven\u00e7os m\u00e9s interessants, com ara:<\/p>\n<ul>\n<li><strong>Noves observacions de biodiversitat<\/strong><\/li>\n<li><strong>Resultats cient\u00edfics<\/strong> de les actuacions en curs<\/li>\n<li><strong>Noves activitats i accions<\/strong> que es duen a terme<\/li>\n<\/ul>\n<\/div><div class=\"fusion-title title fusion-title-1 fusion-sep-none fusion-title-text fusion-title-size-one\"><h1 class=\"fusion-title-heading title-heading-left fusion-responsive-typography-calculated\" style=\"margin:0;--fontSize:60;line-height:var(--awb-typography1-line-height);\"><h3 style=\"text-align: center;\">Descarrega els butlletins i assabenta\u2019t<\/h3><\/h1><\/div><\/div><\/div><\/div><\/div><div class=\"fusion-fullwidth fullwidth-box fusion-builder-row-2 fusion-flex-container has-pattern-background has-mask-background nonhundred-percent-fullwidth non-hundred-percent-height-scrolling\" style=\"--awb-border-radius-top-left:0px;--awb-border-radius-top-right:0px;--awb-border-radius-bottom-right:0px;--awb-border-radius-bottom-left:0px;--awb-flex-wrap:wrap;\" ><div class=\"fusion-builder-row fusion-row fusion-flex-align-items-flex-start fusion-flex-content-wrap\" style=\"max-width:1310.4px;margin-left: calc(-4% \/ 2 );margin-right: calc(-4% \/ 2 );\"><div class=\"fusion-layout-column fusion_builder_column fusion-builder-column-1 fusion_builder_column_1_1 1_1 fusion-flex-column\" style=\"--awb-bg-size:cover;--awb-width-large:100%;--awb-margin-top-large:20px;--awb-spacing-right-large:1.92%;--awb-margin-bottom-large:20px;--awb-spacing-left-large:1.92%;--awb-width-medium:100%;--awb-order-medium:0;--awb-spacing-right-medium:1.92%;--awb-spacing-left-medium:1.92%;--awb-width-small:100%;--awb-order-small:0;--awb-spacing-right-small:1.92%;--awb-spacing-left-small:1.92%;\"><div class=\"fusion-column-wrapper fusion-column-has-shadow fusion-flex-justify-content-flex-start fusion-content-layout-column\"><div class=\"awb-gallery-wrapper awb-gallery-wrapper-1 button-span-no\" style=\"--more-btn-alignment:center;\"><div style=\"margin:-15px;--awb-bordersize:1px;--awb-bordercolor:var(--awb-custom10);\" class=\"fusion-gallery fusion-gallery-container fusion-grid-3 fusion-columns-total-5 fusion-gallery-layout-grid fusion-gallery-1\"><div style=\"padding:15px;\" class=\"fusion-grid-column fusion-gallery-column fusion-gallery-column-3 hover-type-none\"><div class=\"fusion-gallery-image\"><a href=\"https:\/\/www.biosferaeduca.com\/naturabegur\/wp-content\/uploads\/2026\/03\/Butlleti-5-Des-2025.-NATURABEGUR-investiga-i-restaura-les-praderies-de-posidonia-per-conservar-el-tresor-submergit-de-la-Mediterrania-1.pdf\" rel=\"noreferrer\" data-rel=\"iLightbox[gallery_image_1]\" class=\"fusion-lightbox\" target=\"_blank\"><img decoding=\"async\" src=\"https:\/\/www.biosferaeduca.com\/naturabegur\/wp-content\/uploads\/2026\/03\/Butlleti-5-Des-2025.jpg\" data-orig-src=\"https:\/\/www.biosferaeduca.com\/naturabegur\/wp-content\/uploads\/2026\/03\/Butlleti-5-Des-2025.jpg\" width=\"1190\" height=\"1683\" alt=\"\" title=\"Butllet\u00ed 5-Des 2025\" aria-label=\"Butllet\u00ed 5-Des 2025\" class=\"lazyload img-responsive wp-image-2819\" srcset=\"data:image\/svg+xml,%3Csvg%20xmlns%3D%27http%3A%2F%2Fwww.w3.org%2F2000%2Fsvg%27%20width%3D%271190%27%20height%3D%271683%27%20viewBox%3D%270%200%201190%201683%27%3E%3Crect%20width%3D%271190%27%20height%3D%271683%27%20fill-opacity%3D%220%22%2F%3E%3C%2Fsvg%3E\" data-srcset=\"https:\/\/www.biosferaeduca.com\/naturabegur\/wp-content\/uploads\/2026\/03\/Butlleti-5-Des-2025-200x283.jpg 200w, https:\/\/www.biosferaeduca.com\/naturabegur\/wp-content\/uploads\/2026\/03\/Butlleti-5-Des-2025-400x566.jpg 400w, https:\/\/www.biosferaeduca.com\/naturabegur\/wp-content\/uploads\/2026\/03\/Butlleti-5-Des-2025-600x849.jpg 600w, https:\/\/www.biosferaeduca.com\/naturabegur\/wp-content\/uploads\/2026\/03\/Butlleti-5-Des-2025-800x1131.jpg 800w, https:\/\/www.biosferaeduca.com\/naturabegur\/wp-content\/uploads\/2026\/03\/Butlleti-5-Des-2025.jpg 1190w\" data-sizes=\"auto\" data-orig-sizes=\"(min-width: 2200px) 100vw, (min-width: 784px) 410px, (min-width: 712px) 615px, (min-width: 640px) 712px, \" \/><\/a><\/div><\/div><div style=\"padding:15px;\" class=\"fusion-grid-column fusion-gallery-column fusion-gallery-column-3 hover-type-none\"><div class=\"fusion-gallery-image\"><a href=\"https:\/\/www.biosferaeduca.com\/naturabegur\/wp-content\/uploads\/2026\/03\/Butlleti-4-Set-2025.-NATURABEGUR-mans-a-lobra_Jornades-derradicacio-de-plantes-exotiques-invasores-amb-voluntariat-1.pdf\" rel=\"noreferrer\" data-rel=\"iLightbox[gallery_image_1]\" class=\"fusion-lightbox\" target=\"_blank\"><img decoding=\"async\" src=\"https:\/\/www.biosferaeduca.com\/naturabegur\/wp-content\/uploads\/2026\/03\/Butlleti-4-Set-2025.jpg\" data-orig-src=\"https:\/\/www.biosferaeduca.com\/naturabegur\/wp-content\/uploads\/2026\/03\/Butlleti-4-Set-2025.jpg\" width=\"1190\" height=\"1683\" alt=\"\" title=\"Butllet\u00ed 4 &#8211; Set 2025\" aria-label=\"Butllet\u00ed 4 &#8211; Set 2025\" class=\"lazyload img-responsive wp-image-2817\" srcset=\"data:image\/svg+xml,%3Csvg%20xmlns%3D%27http%3A%2F%2Fwww.w3.org%2F2000%2Fsvg%27%20width%3D%271190%27%20height%3D%271683%27%20viewBox%3D%270%200%201190%201683%27%3E%3Crect%20width%3D%271190%27%20height%3D%271683%27%20fill-opacity%3D%220%22%2F%3E%3C%2Fsvg%3E\" data-srcset=\"https:\/\/www.biosferaeduca.com\/naturabegur\/wp-content\/uploads\/2026\/03\/Butlleti-4-Set-2025-200x283.jpg 200w, https:\/\/www.biosferaeduca.com\/naturabegur\/wp-content\/uploads\/2026\/03\/Butlleti-4-Set-2025-400x566.jpg 400w, https:\/\/www.biosferaeduca.com\/naturabegur\/wp-content\/uploads\/2026\/03\/Butlleti-4-Set-2025-600x849.jpg 600w, https:\/\/www.biosferaeduca.com\/naturabegur\/wp-content\/uploads\/2026\/03\/Butlleti-4-Set-2025-800x1131.jpg 800w, https:\/\/www.biosferaeduca.com\/naturabegur\/wp-content\/uploads\/2026\/03\/Butlleti-4-Set-2025.jpg 1190w\" data-sizes=\"auto\" data-orig-sizes=\"(min-width: 2200px) 100vw, (min-width: 784px) 410px, (min-width: 712px) 615px, (min-width: 640px) 712px, \" \/><\/a><\/div><\/div><div style=\"padding:15px;\" class=\"fusion-grid-column fusion-gallery-column fusion-gallery-column-3 hover-type-none\"><div class=\"fusion-gallery-image\"><a href=\"https:\/\/www.biosferaeduca.com\/naturabegur\/wp-content\/uploads\/2026\/03\/Butlleti-3-Juny-2025.-NATURABEGUR-realitza-Tallers-deducacio-ambiental-sobre-praderies-de-posidonia-i-les-problematiques-mediambientals-1.pdf\" rel=\"noreferrer\" data-rel=\"iLightbox[gallery_image_1]\" class=\"fusion-lightbox\" target=\"_blank\"><img decoding=\"async\" src=\"https:\/\/www.biosferaeduca.com\/naturabegur\/wp-content\/uploads\/2026\/03\/Butlleti-3-Juny-2025.jpg\" data-orig-src=\"https:\/\/www.biosferaeduca.com\/naturabegur\/wp-content\/uploads\/2026\/03\/Butlleti-3-Juny-2025.jpg\" width=\"1190\" height=\"1683\" alt=\"\" title=\"Butllet\u00ed 3-Juny 2025\" aria-label=\"Butllet\u00ed 3-Juny 2025\" class=\"lazyload img-responsive wp-image-2815\" srcset=\"data:image\/svg+xml,%3Csvg%20xmlns%3D%27http%3A%2F%2Fwww.w3.org%2F2000%2Fsvg%27%20width%3D%271190%27%20height%3D%271683%27%20viewBox%3D%270%200%201190%201683%27%3E%3Crect%20width%3D%271190%27%20height%3D%271683%27%20fill-opacity%3D%220%22%2F%3E%3C%2Fsvg%3E\" data-srcset=\"https:\/\/www.biosferaeduca.com\/naturabegur\/wp-content\/uploads\/2026\/03\/Butlleti-3-Juny-2025-200x283.jpg 200w, https:\/\/www.biosferaeduca.com\/naturabegur\/wp-content\/uploads\/2026\/03\/Butlleti-3-Juny-2025-400x566.jpg 400w, https:\/\/www.biosferaeduca.com\/naturabegur\/wp-content\/uploads\/2026\/03\/Butlleti-3-Juny-2025-600x849.jpg 600w, https:\/\/www.biosferaeduca.com\/naturabegur\/wp-content\/uploads\/2026\/03\/Butlleti-3-Juny-2025-800x1131.jpg 800w, https:\/\/www.biosferaeduca.com\/naturabegur\/wp-content\/uploads\/2026\/03\/Butlleti-3-Juny-2025.jpg 1190w\" data-sizes=\"auto\" data-orig-sizes=\"(min-width: 2200px) 100vw, (min-width: 784px) 410px, (min-width: 712px) 615px, (min-width: 640px) 712px, \" \/><\/a><\/div><\/div><div class=\"clearfix\"><\/div><div style=\"padding:15px;\" class=\"fusion-grid-column fusion-gallery-column fusion-gallery-column-3 hover-type-none\"><div class=\"fusion-gallery-image\"><a href=\"https:\/\/www.biosferaeduca.com\/naturabegur\/wp-content\/uploads\/2026\/03\/Butlleti-2-Marc-2025.-NATURABEGUR-realitza-Tallers-deducacio-ambiental-sobre-les-especies-invasores-1.pdf\" rel=\"noreferrer\" data-rel=\"iLightbox[gallery_image_1]\" class=\"fusion-lightbox\" target=\"_blank\"><img decoding=\"async\" src=\"https:\/\/www.biosferaeduca.com\/naturabegur\/wp-content\/uploads\/2026\/03\/Butlleti-2-Marc-2025.jpg\" data-orig-src=\"https:\/\/www.biosferaeduca.com\/naturabegur\/wp-content\/uploads\/2026\/03\/Butlleti-2-Marc-2025.jpg\" width=\"1190\" height=\"1683\" alt=\"\" title=\"Butllet\u00ed 2-Mar\u00e7 2025\" aria-label=\"Butllet\u00ed 2-Mar\u00e7 2025\" class=\"lazyload img-responsive wp-image-2813\" srcset=\"data:image\/svg+xml,%3Csvg%20xmlns%3D%27http%3A%2F%2Fwww.w3.org%2F2000%2Fsvg%27%20width%3D%271190%27%20height%3D%271683%27%20viewBox%3D%270%200%201190%201683%27%3E%3Crect%20width%3D%271190%27%20height%3D%271683%27%20fill-opacity%3D%220%22%2F%3E%3C%2Fsvg%3E\" data-srcset=\"https:\/\/www.biosferaeduca.com\/naturabegur\/wp-content\/uploads\/2026\/03\/Butlleti-2-Marc-2025-200x283.jpg 200w, https:\/\/www.biosferaeduca.com\/naturabegur\/wp-content\/uploads\/2026\/03\/Butlleti-2-Marc-2025-400x566.jpg 400w, https:\/\/www.biosferaeduca.com\/naturabegur\/wp-content\/uploads\/2026\/03\/Butlleti-2-Marc-2025-600x849.jpg 600w, https:\/\/www.biosferaeduca.com\/naturabegur\/wp-content\/uploads\/2026\/03\/Butlleti-2-Marc-2025-800x1131.jpg 800w, https:\/\/www.biosferaeduca.com\/naturabegur\/wp-content\/uploads\/2026\/03\/Butlleti-2-Marc-2025.jpg 1190w\" data-sizes=\"auto\" data-orig-sizes=\"(min-width: 2200px) 100vw, (min-width: 784px) 410px, (min-width: 712px) 615px, (min-width: 640px) 712px, \" \/><\/a><\/div><\/div><div style=\"padding:15px;\" class=\"fusion-grid-column fusion-gallery-column fusion-gallery-column-3 hover-type-none\"><div class=\"fusion-gallery-image\"><a href=\"https:\/\/www.biosferaeduca.com\/naturabegur\/wp-content\/uploads\/2026\/03\/Butlleti-1-Des-2024.-NATURABEGUR-impulsa-la-conservacio-de-la-biodiversitat-a-les-Muntanyes-de-Begur-1.pdf\" rel=\"noreferrer\" data-rel=\"iLightbox[gallery_image_1]\" class=\"fusion-lightbox\" target=\"_blank\"><img decoding=\"async\" src=\"https:\/\/www.biosferaeduca.com\/naturabegur\/wp-content\/uploads\/2026\/03\/Butlleti-1-Des-2024.jpg\" data-orig-src=\"https:\/\/www.biosferaeduca.com\/naturabegur\/wp-content\/uploads\/2026\/03\/Butlleti-1-Des-2024.jpg\" width=\"1190\" height=\"1683\" alt=\"\" title=\"Butllet\u00ed 1-Des 2024\" aria-label=\"Butllet\u00ed 1-Des 2024\" class=\"lazyload img-responsive wp-image-2811\" srcset=\"data:image\/svg+xml,%3Csvg%20xmlns%3D%27http%3A%2F%2Fwww.w3.org%2F2000%2Fsvg%27%20width%3D%271190%27%20height%3D%271683%27%20viewBox%3D%270%200%201190%201683%27%3E%3Crect%20width%3D%271190%27%20height%3D%271683%27%20fill-opacity%3D%220%22%2F%3E%3C%2Fsvg%3E\" data-srcset=\"https:\/\/www.biosferaeduca.com\/naturabegur\/wp-content\/uploads\/2026\/03\/Butlleti-1-Des-2024-200x283.jpg 200w, https:\/\/www.biosferaeduca.com\/naturabegur\/wp-content\/uploads\/2026\/03\/Butlleti-1-Des-2024-400x566.jpg 400w, https:\/\/www.biosferaeduca.com\/naturabegur\/wp-content\/uploads\/2026\/03\/Butlleti-1-Des-2024-600x849.jpg 600w, https:\/\/www.biosferaeduca.com\/naturabegur\/wp-content\/uploads\/2026\/03\/Butlleti-1-Des-2024-800x1131.jpg 800w, https:\/\/www.biosferaeduca.com\/naturabegur\/wp-content\/uploads\/2026\/03\/Butlleti-1-Des-2024.jpg 1190w\" data-sizes=\"auto\" data-orig-sizes=\"(min-width: 2200px) 100vw, (min-width: 784px) 410px, (min-width: 712px) 615px, (min-width: 640px) 712px, \" \/><\/a><\/div><\/div><\/div><\/div><\/div><\/div><\/div><\/div><div class=\"fusion-fullwidth fullwidth-box fusion-builder-row-3 fusion-flex-container has-pattern-background has-mask-background nonhundred-percent-fullwidth non-hundred-percent-height-scrolling\" style=\"--awb-border-radius-top-left:0px;--awb-border-radius-top-right:0px;--awb-border-radius-bottom-right:0px;--awb-border-radius-bottom-left:0px;--awb-flex-wrap:wrap;\" ><div class=\"fusion-builder-row fusion-row fusion-flex-align-items-flex-start fusion-flex-content-wrap\" style=\"max-width:1310.4px;margin-left: calc(-4% \/ 2 );margin-right: calc(-4% \/ 2 );\"><div class=\"fusion-layout-column fusion_builder_column fusion-builder-column-2 fusion_builder_column_1_1 1_1 fusion-flex-column\" style=\"--awb-bg-size:cover;--awb-width-large:100%;--awb-margin-top-large:20px;--awb-spacing-right-large:1.92%;--awb-margin-bottom-large:20px;--awb-spacing-left-large:1.92%;--awb-width-medium:100%;--awb-order-medium:0;--awb-spacing-right-medium:1.92%;--awb-spacing-left-medium:1.92%;--awb-width-small:100%;--awb-order-small:0;--awb-spacing-right-small:1.92%;--awb-spacing-left-small:1.92%;\"><div class=\"fusion-column-wrapper fusion-column-has-shadow fusion-flex-justify-content-flex-start fusion-content-layout-column\"><div class=\"fusion-text fusion-text-2\"><h3>NATURABEGUR ALS MITJANS<\/h3>\n<p>El projecte <strong>NATURABEGUR<\/strong> desperta l\u2019inter\u00e8s de diversos mitjans de comunicaci\u00f3, que s\u2019han fet ress\u00f2 de les seves activitats de conservaci\u00f3, recerca i participaci\u00f3 ciutadana. Aquestes aparicions contribueixen a donar visibilitat al projecte i als seus objectius, com ara protegir la biodiversitat i promoure la implicaci\u00f3 de la ciutadania en la conservaci\u00f3 del nostre patrimoni natural. A continuaci\u00f3 podeu consultar algunes de les <strong>principals aparicions del projecte a la premsa escrita, digital, r\u00e0dio i televisi\u00f3<\/strong>:<\/p>\n<h3>Recull de publicacions<\/h3>\n<ul>\n<li><a href=\"https:\/\/www.diaridegirona.cat\/baix-emporda\/2024\/12\/10\/begur-comencaleliminacio-plantes-invasores-112481153.html\" target=\"_blank\" rel=\"noopener\">Diari de Girona_Begur comen\u00e7a l&#8217;eliminaci\u00f3 de plantes invasores dels penya-segats<\/a><\/li>\n<li><a href=\"https:\/\/revistabaixemporda.cat\/una-campanya-visitara-les-cases-amb-jardins-particulars-de-begur-palafrugell-pals-i-regencos-per-promoure-leliminacio-de-plantes-invasores\/\" target=\"_blank\" rel=\"noopener\">Revista del Baix Empord\u00e0_ Una campanya visitar\u00e0 les cases amb jardins particulars de Begur, Palafrugell, Pals i Regenc\u00f3s per promoure l\u2019eliminaci\u00f3 de plantes invasores<\/a><\/li>\n<li><a href=\"https:\/\/revistabaixemporda.cat\/palamos-acollira-les-3es-jornades-de-conservacio-i-aprofitament-del-mar\/\" target=\"_blank\" rel=\"noopener\">Revista del Baix Empord\u00e0_Palam\u00f3s acollir\u00e0 les 3es Jornades de conservaci\u00f3 i aprofitament del mar<\/a><\/li>\n<li><a href=\"https:\/\/www.radiobegur.cat\/podcasts\/lentrevista\/radiobegur_podcast_4585\/\" target=\"_blank\" rel=\"noopener\">R\u00e0dio Begur_L&#8217;ENTREVISTA a Arnau Sargatal<\/a><\/li>\n<li><a href=\"https:\/\/radiopalafrugell.cat\/educadors-ambientals-visitaran-cases-amb-jardi-per-eliminar-plantes-invasores\/\" target=\"_blank\" rel=\"noopener\">R\u00e0dio Palafrugell_Educadors ambientals visitaran cases amb jard\u00ed per eliminar plantes invasores<\/a><\/li>\n<li><a href=\"https:\/\/www.radiocapital.cat\/el-projecte-naturabegur-visitara-prop-dun-miler-de-jardins-del-baix-emporda-per-eliminar-plantes-invasores\/\" target=\"_blank\" rel=\"noopener\">R\u00e0dio Capital_El projecte Naturabegur visitar\u00e0 prop d\u2019un miler de jardins del Baix Empord\u00e0 per eliminar plantes invasores<\/a><\/li>\n<li><a href=\"https:\/\/diaricatalunya.cat\/baix-emporda\/general\/naturabegur-inspeccionara-mil-jardins-per-frenar-les-plantes-invasores\" target=\"_blank\" rel=\"noopener\">Diari de Catalunya_Naturabegur inspeccionar\u00e0 mil jardins per frenar les plantes invasores<\/a><\/li>\n<\/ul>\n<\/div><\/div><\/div><\/div><\/div><div class=\"fusion-fullwidth fullwidth-box fusion-builder-row-4 fusion-flex-container has-pattern-background has-mask-background nonhundred-percent-fullwidth non-hundred-percent-height-scrolling\" style=\"--awb-border-radius-top-left:0px;--awb-border-radius-top-right:0px;--awb-border-radius-bottom-right:0px;--awb-border-radius-bottom-left:0px;--awb-flex-wrap:wrap;\" ><div class=\"fusion-builder-row fusion-row fusion-flex-align-items-flex-start fusion-flex-content-wrap\" style=\"max-width:1310.4px;margin-left: calc(-4% \/ 2 );margin-right: calc(-4% \/ 2 );\"><div class=\"fusion-layout-column fusion_builder_column fusion-builder-column-3 fusion_builder_column_1_1 1_1 fusion-flex-column\" style=\"--awb-bg-size:cover;--awb-width-large:100%;--awb-margin-top-large:20px;--awb-spacing-right-large:1.92%;--awb-margin-bottom-large:20px;--awb-spacing-left-large:1.92%;--awb-width-medium:100%;--awb-order-medium:0;--awb-spacing-right-medium:1.92%;--awb-spacing-left-medium:1.92%;--awb-width-small:100%;--awb-order-small:0;--awb-spacing-right-small:1.92%;--awb-spacing-left-small:1.92%;\"><div class=\"fusion-column-wrapper fusion-column-has-shadow fusion-flex-justify-content-flex-start fusion-content-layout-column\"><div class=\"fusion-text fusion-text-3\"><h3>RECONEIXEMENT ALS PARTICIPANTS DELS PROJECTES DE CI\u00c8NCIA CIUTADANA<\/h3>\n<p>La participaci\u00f3 ciutadana \u00e9s una pe\u00e7a clau per assolir els objectius del projecte NATURABEGUR. Per aquest motiu, hem creat l\u2019<strong>Observatori de Ci\u00e8ncia Ciutadana de l\u2019EIN Muntanyes de Begur<\/strong> a la plataforma MINKA. Per valorar i incentivar la implicaci\u00f3 de la comunitat d\u2019observadors i observadores, el projecte reconeixer\u00e0 peri\u00f2dicament les contribucions m\u00e9s destacades a trav\u00e9s de <strong>premis trimestrals<\/strong>, en 4 categories:<\/p>\n<ul>\n<li><strong>Observador o observadora del trimestre<\/strong> al major nombre d\u2019esp\u00e8cies registrades.<\/li>\n<li><strong>Observador o observadora amb m\u00e9s esp\u00e8cies noves<\/strong>, no registrades pr\u00e8viament.<\/li>\n<li><strong>Observaci\u00f3 m\u00e9s rellevant cient\u00edficament<\/strong>, especialment significativa per al coneixement de la biodiversitat, com ara esp\u00e8cies rares, poc documentades o d\u2019inter\u00e8s cient\u00edfic.<\/li>\n<li><strong>Millor fotografia<\/strong>, destacada per la seva qualitat, valor documental o inter\u00e8s natural\u00edstic.<\/li>\n<\/ul>\n<\/div><\/div><\/div><\/div><\/div><div class=\"fusion-fullwidth fullwidth-box fusion-builder-row-5 fusion-flex-container has-pattern-background has-mask-background nonhundred-percent-fullwidth non-hundred-percent-height-scrolling\" style=\"--awb-border-radius-top-left:0px;--awb-border-radius-top-right:0px;--awb-border-radius-bottom-right:0px;--awb-border-radius-bottom-left:0px;--awb-flex-wrap:wrap;\" ><div class=\"fusion-builder-row fusion-row fusion-flex-align-items-flex-start fusion-flex-content-wrap\" style=\"max-width:1310.4px;margin-left: calc(-4% \/ 2 );margin-right: calc(-4% \/ 2 );\"><div class=\"fusion-layout-column fusion_builder_column fusion-builder-column-4 fusion_builder_column_1_1 1_1 fusion-flex-column\" style=\"--awb-bg-size:cover;--awb-width-large:100%;--awb-margin-top-large:20px;--awb-spacing-right-large:1.92%;--awb-margin-bottom-large:20px;--awb-spacing-left-large:1.92%;--awb-width-medium:100%;--awb-order-medium:0;--awb-spacing-right-medium:1.92%;--awb-spacing-left-medium:1.92%;--awb-width-small:100%;--awb-order-small:0;--awb-spacing-right-small:1.92%;--awb-spacing-left-small:1.92%;\"><div class=\"fusion-column-wrapper fusion-column-has-shadow fusion-flex-justify-content-flex-start fusion-content-layout-column\"><div class=\"fusion-text fusion-text-4\"><h2 style=\"text-align: center;\">A trav\u00e9s d\u2019aquest reconeixement, NATURABEGUR vol consolidar una comunitat activa d\u2019observadors i observadores.<\/h2>\n<h3 style=\"text-align: center;\"><em>Entre tots i totes contribu\u00efm a generar coneixement cient\u00edfic per protegir la biodiversitat de l\u2019EIN Muntanyes de Begur.<\/em><\/h3>\n<\/div><\/div><\/div><\/div><\/div><div class=\"fusion-fullwidth fullwidth-box fusion-builder-row-6 fusion-flex-container has-pattern-background has-mask-background nonhundred-percent-fullwidth non-hundred-percent-height-scrolling\" style=\"--awb-border-radius-top-left:0px;--awb-border-radius-top-right:0px;--awb-border-radius-bottom-right:0px;--awb-border-radius-bottom-left:0px;--awb-flex-wrap:wrap;\" ><div class=\"fusion-builder-row fusion-row fusion-flex-align-items-flex-start fusion-flex-content-wrap\" style=\"max-width:1310.4px;margin-left: calc(-4% \/ 2 );margin-right: calc(-4% \/ 2 );\"><div class=\"fusion-layout-column fusion_builder_column fusion-builder-column-5 fusion_builder_column_1_1 1_1 fusion-flex-column\" style=\"--awb-bg-size:cover;--awb-width-large:100%;--awb-margin-top-large:20px;--awb-spacing-right-large:1.92%;--awb-margin-bottom-large:20px;--awb-spacing-left-large:1.92%;--awb-width-medium:100%;--awb-order-medium:0;--awb-spacing-right-medium:1.92%;--awb-spacing-left-medium:1.92%;--awb-width-small:100%;--awb-order-small:0;--awb-spacing-right-small:1.92%;--awb-spacing-left-small:1.92%;\"><div class=\"fusion-column-wrapper fusion-column-has-shadow fusion-flex-justify-content-flex-start fusion-content-layout-column\"><div class=\"fusion-text fusion-text-5\"><h3>Llistat de premiats del 2025<\/h3>\n<p><em>*Es posen els noms dels usuaris (en color blau) tal i com estan registrats a la Plataforma MINKA<\/em><\/p>\n<p><img decoding=\"async\" class=\"lazyload size-full wp-image-2829 aligncenter\" src=\"https:\/\/www.biosferaeduca.com\/naturabegur\/wp-content\/uploads\/2026\/03\/minka.png\" data-orig-src=\"https:\/\/www.biosferaeduca.com\/naturabegur\/wp-content\/uploads\/2026\/03\/minka.png\" alt=\"\" width=\"812\" height=\"769\" srcset=\"data:image\/svg+xml,%3Csvg%20xmlns%3D%27http%3A%2F%2Fwww.w3.org%2F2000%2Fsvg%27%20width%3D%27812%27%20height%3D%27769%27%20viewBox%3D%270%200%20812%20769%27%3E%3Crect%20width%3D%27812%27%20height%3D%27769%27%20fill-opacity%3D%220%22%2F%3E%3C%2Fsvg%3E\" data-srcset=\"https:\/\/www.biosferaeduca.com\/naturabegur\/wp-content\/uploads\/2026\/03\/minka-200x189.png 200w, https:\/\/www.biosferaeduca.com\/naturabegur\/wp-content\/uploads\/2026\/03\/minka-300x284.png 300w, https:\/\/www.biosferaeduca.com\/naturabegur\/wp-content\/uploads\/2026\/03\/minka-400x379.png 400w, https:\/\/www.biosferaeduca.com\/naturabegur\/wp-content\/uploads\/2026\/03\/minka-600x568.png 600w, https:\/\/www.biosferaeduca.com\/naturabegur\/wp-content\/uploads\/2026\/03\/minka-768x727.png 768w, https:\/\/www.biosferaeduca.com\/naturabegur\/wp-content\/uploads\/2026\/03\/minka-800x758.png 800w, https:\/\/www.biosferaeduca.com\/naturabegur\/wp-content\/uploads\/2026\/03\/minka.png 812w\" data-sizes=\"auto\" data-orig-sizes=\"(max-width: 812px) 100vw, 812px\" \/><\/p>\n<\/div><\/div><\/div><\/div><\/div><\/p>\n","protected":false},"excerpt":{"rendered":"","protected":false},"author":1,"featured_media":0,"parent":0,"menu_order":0,"comment_status":"closed","ping_status":"closed","template":"","meta":{"footnotes":""},"class_list":["post-2361","page","type-page","status-publish","hentry"],"_links":{"self":[{"href":"https:\/\/www.biosferaeduca.com\/naturabegur\/wp-json\/wp\/v2\/pages\/2361","targetHints":{"allow":["GET"]}}],"collection":[{"href":"https:\/\/www.biosferaeduca.com\/naturabegur\/wp-json\/wp\/v2\/pages"}],"about":[{"href":"https:\/\/www.biosferaeduca.com\/naturabegur\/wp-json\/wp\/v2\/types\/page"}],"author":[{"embeddable":true,"href":"https:\/\/www.biosferaeduca.com\/naturabegur\/wp-json\/wp\/v2\/users\/1"}],"replies":[{"embeddable":true,"href":"https:\/\/www.biosferaeduca.com\/naturabegur\/wp-json\/wp\/v2\/comments?post=2361"}],"version-history":[{"count":10,"href":"https:\/\/www.biosferaeduca.com\/naturabegur\/wp-json\/wp\/v2\/pages\/2361\/revisions"}],"predecessor-version":[{"id":2831,"href":"https:\/\/www.biosferaeduca.com\/naturabegur\/wp-json\/wp\/v2\/pages\/2361\/revisions\/2831"}],"wp:attachment":[{"href":"https:\/\/www.biosferaeduca.com\/naturabegur\/wp-json\/wp\/v2\/media?parent=2361"}],"curies":[{"name":"wp","href":"https:\/\/api.w.org\/{rel}","templated":true}]}}